{"id":1843,"date":"2024-03-19T15:07:10","date_gmt":"2024-03-19T18:07:10","guid":{"rendered":"https:\/\/hseguridad.cl\/?post_type=product&#038;p=1843"},"modified":"2024-03-19T15:09:26","modified_gmt":"2024-03-19T18:09:26","slug":"cinturon-minero-simple-grammy-1d","status":"publish","type":"product","link":"https:\/\/hseguridad.cl\/?product=cinturon-minero-simple-grammy-1d","title":{"rendered":"Cinturon minero simple Grammy 1D"},"content":{"rendered":"<div class=\"grupocaiopartnerco-categories-product-0-x-nameSpecification\">MARCA SEGMA<\/div>\n<div class=\"grupocaiopartnerco-categories-product-0-x-textSpecification\">Cintur\u00f3n de trabajo confeccionado en cinta de poli\u00e9ster con una argolla \u201cD\u201d, especialmente dise\u00f1ado para trabajos de miner\u00eda. Utilizado en m\u00faltiples tipos de faenas como labores en ductos y perforaciones. Dotado de correa porta bater\u00eda y funda protectora aislante de neopreno. Cuenta con argolla cincada \u201cD\u201d de acero forjado, hebilla espig\u00f3n reforzada y remache r\u00e1pido. Todos las unidades cuentan con etiquetas foliadas y marcadas y adicionalmente cuenta con cinta de doble faz de refuerzo de seguridad.<\/div>\n","protected":false},"excerpt":{"rendered":"<p>MARCA SEGMA Cintur\u00f3n de trabajo confeccionado en cinta de poli\u00e9ster con una argolla \u201cD\u201d, especialmente dise\u00f1ado para trabajos de miner\u00eda. Utilizado en m\u00faltiples tipos de faenas como labores en ductos y perforaciones. Dotado de correa porta bater\u00eda y funda protectora aislante de neopreno. Cuenta con argolla cincada \u201cD\u201d de acero forjado, hebilla espig\u00f3n reforzada y [&hellip;]<\/p>\n","protected":false},"featured_media":1840,"comment_status":"open","ping_status":"closed","template":"","meta":{"site-sidebar-layout":"default","site-content-layout":"default","ast-site-content-layout":"","site-content-style":"default","site-sidebar-style":"default","ast-global-header-display":"","ast-banner-title-visibility":"","ast-main-header-display":"","ast-hfb-above-header-display":"","ast-hfb-below-header-display":"","ast-hfb-mobile-header-display":"","site-post-title":"","ast-breadcrumbs-content":"","ast-featured-img":"","footer-sml-layout":"","theme-transparent-header-meta":"default","adv-header-id-meta":"","stick-header-meta":"","header-above-stick-meta":"","header-main-stick-meta":"","header-below-stick-meta":"","astra-migrate-meta-layouts":"default","ast-page-background-enabled":"default","ast-page-background-meta":{"desktop":{"background-color":"","background-image":"","background-repeat":"repeat","background-position":"center center","background-size":"auto","background-attachment":"scroll","background-type":"","background-media":"","overlay-type":"","overlay-color":"","overlay-gradient":""},"tablet":{"background-color":"","background-image":"","background-repeat":"repeat","background-position":"center center","background-size":"auto","background-attachment":"scroll","background-type":"","background-media":"","overlay-type":"","overlay-color":"","overlay-gradient":""},"mobile":{"background-color":"","background-image":"","background-repeat":"repeat","background-position":"center center","background-size":"auto","background-attachment":"scroll","background-type":"","background-media":"","overlay-type":"","overlay-color":"","overlay-gradient":""}},"ast-content-background-meta":{"desktop":{"background-color":"var(--ast-global-color-5)","background-image":"","background-repeat":"repeat","background-position":"center center","background-size":"auto","background-attachment":"scroll","background-type":"","background-media":"","overlay-type":"","overlay-color":"","overlay-gradient":""},"tablet":{"background-color":"var(--ast-global-color-5)","background-image":"","background-repeat":"repeat","background-position":"center center","background-size":"auto","background-attachment":"scroll","background-type":"","background-media":"","overlay-type":"","overlay-color":"","overlay-gradient":""},"mobile":{"background-color":"var(--ast-global-color-5)","background-image":"","background-repeat":"repeat","background-position":"center center","background-size":"auto","background-attachment":"scroll","background-type":"","background-media":"","overlay-type":"","overlay-color":"","overlay-gradient":""}},"_joinchat":[]},"product_cat":[30,46],"product_tag":[],"_links":{"self":[{"href":"https:\/\/hseguridad.cl\/index.php?rest_route=\/wp\/v2\/product\/1843"}],"collection":[{"href":"https:\/\/hseguridad.cl\/index.php?rest_route=\/wp\/v2\/product"}],"about":[{"href":"https:\/\/hseguridad.cl\/index.php?rest_route=\/wp\/v2\/types\/product"}],"replies":[{"embeddable":true,"href":"https:\/\/hseguridad.cl\/index.php?rest_route=%2Fwp%2Fv2%2Fcomments&post=1843"}],"wp:featuredmedia":[{"embeddable":true,"href":"https:\/\/hseguridad.cl\/index.php?rest_route=\/wp\/v2\/media\/1840"}],"wp:attachment":[{"href":"https:\/\/hseguridad.cl\/index.php?rest_route=%2Fwp%2Fv2%2Fmedia&parent=1843"}],"wp:term":[{"taxonomy":"product_cat","embeddable":true,"href":"https:\/\/hseguridad.cl\/index.php?rest_route=%2Fwp%2Fv2%2Fproduct_cat&post=1843"},{"taxonomy":"product_tag","embeddable":true,"href":"https:\/\/hseguridad.cl\/index.php?rest_route=%2Fwp%2Fv2%2Fproduct_tag&post=1843"}],"curies":[{"name":"wp","href":"https:\/\/api.w.org\/{rel}","templated":true}]}}